) = -7*u + 87. Let v be f(12). Suppose 0 = 2*x + d - 268, z*x - 4*d - 407 = -v*d. What is the remainder when x is divided by 46?
43
Suppose -2*u + 5*t = -520, 76*u - 81*u = 3*t - 1331. What is the remainder when u is divided by 82?
19
Suppose -6*a = -20755 + 19753. What is the remainder when a is divided by 16?
7
Let l = -16 - -20. Let y be 2 + l + 1 + -1. What is the remainder when 26 is divided by (-6)/((-4)/y*1)?
8
Let h be (-7 + 7)/(-13 - -6). Let q(a) = 21*a + 716. Calculate the remainder when q(h) is divided by 45.
41
Suppose -4*s = -0*o + o - 15, -5*o + 45 = 5*s. What is the remainder when (3 + 1 - 2)*(210 - 194) is divided by o?
4
Let i(s) = s**2 - 124*s + 958. Calculate the remainder when 5905 is divided by i(8).
25
Suppose 25*k + 41*k = -2376. Calculate the remainder when (88/3 + 2)*3 is divided by 6/k*3*-50.
19
Suppose 3*w + 1302 = 5*q, -3*w + 12 = 4*q - 1062. Calculate the remainder when q is divided by 54.
48
Suppose 2 + 4 = 2*g. Suppose -3*i + 4*q + 8 = 0, 2*q = -5*i - g*q - 10. Suppose 5*k - 6*k + 58 = i. Calculate the remainder when k is divided by 15.
13
Suppose 51 = 4*g - 1. Let f = -322 - -567. Let j = f + -212. What is the remainder when j is divided by g?
7
Let h = 21 + 8. Let i = 31 - h. Suppose -378 = -5*m - i*m. Calculate the remainder when m is divided by 15.
9
Suppose -5*o + 0*o + 3 = -4*y, 0 = 5*o + 3*y - 24. Calculate the remainder when (-3)/(-9)*o*23 is divided by 8/120*-3 - 144/(-20).
2
Suppose p = 2*p + 1. Let t(i) = i**3 - 2*i - 1. Let n be t(p). Suppose n = u - 5*s - 34, -19 = -3*u - s + 3. Calculate the remainder when 44 is divided by u.
8
Let b be ((-5)/10)/((-22)/24 - -1). Let n(m) = -2*m**2 - 11*m - 18. Let w be n(b). Let k = w - -100. Calculate the remainder when k is divided by 16.
12
Let l(k) = 43*k + 400. Let m = 50 + -14. What is the remainder when l(-6) is divided by m?
34
Suppose 0 = -5*r + 20, 1169 = 4*c - 5*r + 405. What is the remainder when c is divided by 53?
37
Let k = 30826 - 30788. Calculate the remainder when 1309 is divided by k.
17
Suppose 6*a = 2*o + 14, -13 = 2*a + o - 21. Calculate the remainder when 168 is divided by a.
0
Suppose -2*a - 2*a + 16 = 0. Suppose -40 = -a*l - l. Calculate the remainder when (0 + 0 - 4) + 18 + -3 is divided by l.
3
Let t(g) = -3*g**2 + 181*g - 91. What is the remainder when t(58) is divided by 81?
72
Suppose 4*a - 20*a = -2432. Calculate the remainder when a is divided by (-147)/245 - (-14)/(-20)*-118.
70
Suppose -394 = 41*d - 42*d - 5*g, -4*d - 5*g = -1531. What is the remainder when d is divided by 7?
1
Suppose -3*g = 3*d - 969, d - 341 = -0*g + 5*g. Let o = -228 + d. Calculate the remainder when o is divided by 33.
32
Let v = -2236 - -2253. Let i = -141 + 207. Calculate the remainder when i is divided by v.
15
Suppose 24*d = 22*d + 4*q + 220, 0 = 2*d - 5*q - 216. What is the remainder when 316 is divided by d?
80
Let s be (1 + -3)*355/(-10). Suppose 5*w - s = 24. What is the remainder when 87 is divided by w?
11
Suppose 124*b - 16504 - 10523 = -107*b. What is the remainder when 1885 is divided by b?
13
Suppose -5*t + 27 + 22 = q, 4*t = -5*q + 56. Suppose 0 = -3*y + t*y - 150. What is the remainder when 97 is divided by y?
22
Calculate the remainder when 21 - (-4020)/50 - (0 + 3/(-5)) is divided by 60.
42
Let a = 5333 + -5293. Calculate the remainder when 2059 is divided by a.
19
Suppose -48*b = -51*b. Let s be 2 - 905/(5 - b). Let k = 336 + s. What is the remainder when k is divided by 32?
29
Let o(j) = 60*j**2 - 83*j - 251. What is the remainder when o(-3) is divided by 76?
6
Let u be 2 + (-3)/(-6)*0 + 4. Let j be (-20)/(-15) - (-4)/u. Suppose 0 = j*z - 2, -4*z = -m - 9*z + 21. Calculate the remainder when 51 is divided by m.
3
Let l(j) = 3*j**3 + 239*j**2 - 329*j - 353. Calculate the remainder when l(-81) is divided by 2/(-4) + (-19)/(-2).
7
Let b = 25699 - 24315. Calculate the remainder when 5547 is divided by b.
11
Suppose 2*y + 2*u - 16 = 0, -31*y + 37 = -27*y + 3*u. Calculate the remainder when 4483 is divided by y.
11
What is the remainder when 1 - 6 - (-78 - -82)*(-1021)/2 is divided by 676?
9
Suppose 74*n - 8314 - 564 = 9178. What is the remainder when n is divided by 24?
4
Suppose g - 5*g = 3*r - 24, -24 = -4*g - 5*r. Let b be (-2)/5 + (-34)/(-5)*3. Suppose 19*c + 11 = b*c. Calculate the remainder when c is divided by g.
5
Let k(u) = u**2 - 6*u - 3. Suppose -z + 16 = 3*v, 2*z + 3*z + 4*v = 47. Let o be k(z). Suppose 46 + 22 = o*x. What is the remainder when 29 is divided by x?
12
Suppose 24793 + 38229 = 58*i + 9430. Calculate the remainder when i is divided by 25.
24
Let w(v) = -16*v - 510. Suppose 0 = -2*t + 2*g + 60, 5*t - 2*g = -4*g + 164. Calculate the remainder when t is divided by w(-33).
14
Suppose 24*l = 104 + 400. What is the remainder when 269 + 2/2 + 1 is divided by l?
19
Suppose 88*l = 92*l - 12. Suppose -4*g - g + 137 = l*f, g - 2*f - 30 = 0. What is the remainder when 34 is divided by g?
6
Suppose -112*c + 115*c + 4*a - 11514 = 0, a = -4*c + 15352. What is the remainder when c is divided by 183?
178
Let d = 68 + 37. What is the remainder when d is divided by ((-8)/(-10))/(-18 + (-25474)/(-1410))?
9
Suppose 1055 = -5*a - 5*d + 135, 3*a - 3*d + 534 = 0. Let l = 346 + a. Calculate the remainder when l is divided by 21.
18
Let b be (-2 + 10 + -2)*(-1)/(-2). Suppose 0 = -3*d + 2*d - 4*x + b, 53 = 5*d + x. Calculate the remainder when d is divided by 8.
3
Suppose h = 2*i - 98 - 1, 98 = -h + i. Let d be (1*155 - -1)*48/(-72). Let l = h - d. Calculate the remainder when l is divided by 2.
1
Suppose 3*p = 4*m + 25, 0 = -2*m + 584 - 580. What is the remainder when 9854 is divided by p?
9
Suppose 945 = -67*j + 3759. Let c(u) = u**2 - 5*u - 22. Calculate the remainder when j is divided by c(8).
0
Let w(x) = -x**3 + 10*x**2 + 3*x - 27. Let r be w(10). Suppose j = 2*c - 69, -16*c + 17*c + r*j - 17 = 0. What is the remainder when 88 is divided by c?
24
Let z = -7233 - -7244. What is the remainder when 64 is divided by z?
9
Calculate the remainder when 1 - ((-2)/1 + 34 + -28 - 93) is divided by 13.
12
Suppose -4*h = -24, 56*j = 59*j - h - 2058. What is the remainder when j is divided by 15?
13
Let d be 3*(-1)/(-15) + 9/5. What is the remainder when 4 is divided by -1*d + (-30 - -34)?
0
Suppose 19 = 2*y + 3*q + 59, -3*y = -3*q + 60. Suppose 10*i - 384 - 46 = 0. Let w = i + y. Calculate the remainder when 38 is divided by w.
15
Suppose 0 = 2*i - 4 - 2, 47 = 4*s + i. What is the remainder when 5/4 + (-332760)/(-4512) is divided by s?
9
Calculate the remainder when (3/(-6))/(8 + 25685/(-3210)) is divided by 41.
34
Suppose 2*p + 4518 = -656*x + 658*x, 0 = 4*x + p - 9016. Calculate the remainder when x is divided by 1122.
11
What is the remainder when 1234 is divided by ((63/42)/((-3)/(-130)))/1?
64
Suppose -3*h = -a - 10402, -5*a = -h + 4516 - 1086. What is the remainder when h is divided by 18?
14
Suppose 167 = -12*v - 157. What is the remainder when 35 is divided by 0 + 2/9 + (-156)/v?
5
Let o(g) = -g**3 - 36*g**2 - 36*g + 19. Let n be o(-35). Let m = 76 - n. Calculate the remainder when 108 is divided by m.
20
Suppose 1037*p + 18 = 1034*p. Calculate the remainder when 163 is divided by (-1)/((2/(-136))/((-3)/p)).
27
Let k = 5044 + -4997. Calculate the remainder when 3/15 - (-1828)/10 is divided by k.
42
Suppose 2*b + 4*b = 246. Let c = -39 + b. Suppose c*z + 17 = z + 5*t, -4*t - 4 = -3*z. Calculate the remainder when z is divided by 4.
0
Let h be -3 + 0 + 10 + 0. Suppose -5*t = h - 12. Let c(k) = 14*k**3 - k. Calculate the remainder when c(t) is divided by 4.
1
Let j(v) = v**2 + 2*v + 6. What is the remainder when j(-5) is divided by (-26)/(-6)*126/182?
0
Calculate the remainder when (-43 + 43 + 12)/(0 - (-3)/244) is divided by 249.
229
Suppose 6*w - w + 85 = 0. Suppose 0 = 13*c + c - 406. Let s = w + c. What is the remainder when s is divided by 7?
5
Let m = -10924 - -10957. Calculate the remainder when 9106 is divided by m.
31
Suppose -5*z + 6*q = 4*q + 148, -3*q = -z - 27. Calculate the remainder when -3 + (3 - z) + -2 is divided by 92*(-6)/(-36) + 1/(-3).
13
Let f be 273/39 + 2/(-1). Suppose 312 = -f*s + 617. Calculate the remainder when s is divided by 33.
28
Suppose 4*v - 214 = 86. Let z be 4*v/(-40)*-4. Let m = z + -1. What is the remain